**7/840 - g**6/120 - g**5/40 + g**4/24 + g**3/6 + 2*g**2. Let o(h) be the first derivative of p(h). Determine o(2).
-9
Suppose f + 3*z + z = 15, -5*f - 10 = 3*z. Let l(y) = y + 4. Calculate l(f).
-1
Let c(z) = -5*z**2 + 7*z - 1. Let k be 30/(-4)*2/3. Let r(x) = -4*x**2 + 6*x - 1. Let o(j) = k*c(j) + 6*r(j). What is o(1)?
1
Let o(z) = -z**3 + 11*z**2 + 11*z + 16. Let h be o(12). Suppose -v = h*v. Let f(g) = -g**2 + 0 + 6 + 0*g + g**3 + g. What is f(v)?
6
Suppose 4*g = 2*g - 6, b - 2*g = 4. Suppose 2*s - 57 = -3*f, 2*s - 78 = f - 5*f. Let j(t) = 1 + 19*t - f*t - 4. Calculate j(b).
1
Let t be 0 + (6 - -3)/3. Let n(z) = t*z + 6 - 1 - 11. Give n(4).
6
Let r = -11 + 13. Let q be 6*((-16)/6 + r). Let s(o) be the second derivative of o**5/20 + 5*o**4/12 + o**3/2 - o**2/2 + o. Give s(q).
3
Let k(h) = 5*h - 2. Let c(u) = -66*u + 27. Let p(s) = 2*c(s) + 27*k(s). What is p(-5)?
-15
Suppose -4*l = -2*t + t - 19, 3*t = l + 9. Let m = -7 + l. Let u be m - (2 + 3 + -2). Let k(b) = b**2 + 3*b - 3. Calculate k(u).
1
Let x(s) = s - 9. Suppose -8*p = -10*p + 10. Determine x(p).
-4
Let i(w) = 6*w**2 - 2*w - 3. Let a(z) = -z**2. Let o(r) = 4*a(r) + i(r). Give o(3).
9
Let o = 0 + -6. Let l(h) be the third derivative of 1/12*h**5 + 1/120*h**6 + 0 - 1/4*h**4 + 2*h**2 - h**3 + 0*h. Give l(o).
-6
Let p(z) = -z**2 - z + 3. Let o = -17 + 28. Let s = -8 + o. Suppose -s = j - 2*v + 4, -2*j + 2 = 4*v. Calculate p(j).
-3
Suppose -5*m = -3*r - 3*m + 5, 3*m + 7 = 4*r. Let n(v) be the first derivative of -1 + 0*v + 7/2*v**2. Calculate n(r).
7
Let s be (-1 - 0 - 1) + 2. Let j(v) = -2*v**2 + 4 + 3*v**2 + 3. Calculate j(s).
7
Let d(u) be the first derivative of -u**3/3 + 5*u**2/2 - 3*u + 4. What is d(4)?
1
Let c be (2/4)/((-1)/10). Let n(a) = -7 + 2*a**2 + 6*a**2 + 5*a - 7*a**2. Calculate n(c).
-7
Let r(u) = u**2 - 7*u + 6. Let f = -34 - -39. Calculate r(f).
-4
Let p(m) = -4*m + 1. Let t(k) = -5*k + 1. Let i(r) = -6*p(r) + 5*t(r). Determine i(5).
-6
Let c(o) = o**3 + 2*o**2 - 2*o - 2. Let j = -9 - -9. Suppose -4*z = -j*z + 12. Give c(z).
-5
Let w(l) be the second derivative of -l**5/40 - l**4/24 + l**3/3 - l. Let s(y) be the second derivative of w(y). What is s(-4)?
11
Let s(b) be the first derivative of -7*b**4/24 - b**3/2 + 5*b**2 - 9. Let i(c) be the second derivative of s(c). Let k be (-1 + -2)/((-3)/(-2)). Determine i(k).
11
Let u(s) = 19*s + 10 - 11*s + 2*s**2 + 4*s**2 - 5*s**2. Give u(-7).
3
Let p(z) = z - 1. Let u(q) = 2*q**3 + 1. Let r be u(-1). Let t be -3 - r - 2/(-1). Give p(t).
-1
Suppose 5*m + 20 = 0, p + 0*p - 2*m - 14 = 0. Let n(d) = p*d + 0 + 0 - d**2 - 3*d + 3. Determine n(4).
-1
Let c(p) = -3 + 0*p**2 - p**2 - 4*p**2 + p + p**3. Let t be c(5). Let n(j) = 3*j**2 + 2*j - 4*j**t - 8*j - 1. What is n(-4)?
7
Let l(a) = a**3 - 7*a**2 + 4*a + 7. Suppose 2*d = 6*d. Suppose 0 = -s - d + 6. Determine l(s).
-5
Let t = 8 - 6. Let r(m) = m**3 + m**2 - 7 - m**t. Suppose 0*q = -5*a - q + 2, -a - q = -2. What is r(a)?
-7
Let z(p) = -p**3 - p**2 + p + 9. Suppose 0 = -5*r + 2*d + 8, 12 = 4*r + d - 4*d. Determine z(r).
9
Let u(a) = 1. Let x(p) = p**2 + 5*p - 5. Let v = 8 + -7. Let n(d) = v*x(d) - 2*u(d). Give n(-5).
-7
Let y(v) be the third derivative of 7/24*v**4 - 1/60*v**5 + 8*v**2 + 0*v - 1/3*v**3 + 0. What is y(6)?
4
Suppose 0 = -0*y - 2*y - 52. Let a be (-4)/10 - y/(-10). Let n(q) = 2*q**2 - 9*q - 19. Let p(g) = -g**2 + 4*g + 9. Let r(z) = 6*n(z) + 13*p(z). Give r(a).
0
Let u(i) be the second derivative of 0 + 6*i + i**2 - 1/6*i**4 + 5/6*i**3. Give u(4).
-10
Let z(f) = -f**2 + 2*f + 2. Let y = 58 - 60. Give z(y).
-6
Let m(w) = w**3 + 2*w**2 + 3*w + 2. Let x = 3 - 3. Suppose 5*o - c + 3 = x, 5*o + 3*c - 5 - 4 = 0. Let v be -1*(o + 2/1). Give m(v).
-4
Let c(h) = -h**3 + 4*h**2 - 2. Suppose 0*u + 2 = -2*g - 2*u, 2*g = 4*u + 16. What is c(g)?
6
Suppose -s = 3 + 1. Let v(p) = -p - 1. Let f(w) = 3*w + 6. Let o(l) = s*v(l) - f(l). What is o(4)?
2
Suppose 0 = -w - 5*f - 6 - 17, 3*w + 19 = -5*f. Suppose -w*l = -3 - 1. Let c(q) = 2 + l*q - 5*q + 3*q - 2*q. Give c(4).
-6
Let p(v) = -v + 4. Suppose -7*d - 4*d = 0. Give p(d).
4
Let p(i) be the first derivative of -i**3/3 + i**2/2 - 8*i + 4. Let w(o) be the first derivative of p(o). Calculate w(-3).
7
Let j(k) = k**3 + 5*k**2 - 3. Let o be (-3)/(-6)*2 + -6. Determine j(o).
-3
Let g(z) = 7*z - 15. Let v(d) = 4*d - 8. Let u(b) = -3*g(b) + 5*v(b). What is u(6)?
-1
Let a be (-6)/(-12) - (-22)/4. Let s(j) = 2 - j**2 - 6*j + 3*j**2 + 5*j**2 - a*j**2. Let f(p) = p + 11. Let i be f(-7). Give s(i).
-6
Let h(x) = -x + 1. Suppose -17 + 5 = 3*c - 2*g, -39 = 5*c + 3*g. Let f be -1 - (-2 - c*1). What is h(f)?
6
Let j(t) = -t**3 - 4*t**2 + 2*t - 1. Let r = 107 + -111. What is j(r)?
-9
Suppose -3*n = -7*n + 16. Let a be (0/(-3) - -2)*n. Suppose -5*o = 15, -4*s + a*s - 24 = 4*o. Let r(q) = -2*q**2 + 3*q + 2. Determine r(s).
-7
Let m(f) be the second derivative of -f**5/20 + 2*f**4/3 - 7*f**3/6 - 5*f**2/2 + 5*f. Calculate m(7).
-5
Let s be 0 + (-3)/(-3) + 1. Let h = s + -1. Let j(v) be the third derivative of -11*v**4/24 + v**3/6 + 3*v**2. What is j(h)?
-10
Let x(q) be the third derivative of 1/8*q**4 + 0*q + 2*q**2 + 0 - 1/2*q**3. Let p(g) = 3*g - 4. Let b(l) = -2*p(l) + 3*x(l). Give b(-2).
-7
Let p(l) = -l**3 + 2*l**2 + 6*l + 8. Let n be p(4). Let v(j) = j**2 + j**2 + 1 - 3*j**2. Give v(n).
1
Let c = -16 + 12. Let t(p) be the second derivative of -p**4/12 - 2*p**3/3 - p**2/2 + 2*p. Determine t(c).
-1
Let z(c) be the second derivative of -c**3/6 - c**2/2 - 9*c. Calculate z(-6).
5
Let n(t) = t**2 - 6*t + 9. Let v be n(6). Let w(j) = -j**2 + 7*j + 11. Determine w(v).
-7
Suppose 17 = 2*q + 7, 3*f = -4*q + 20. Let g = f + 2. Let j(y) = -y**3 + 2*y**2 + y + 2. What is j(g)?
4
Let j(c) = c**2 + 5*c - 5. Suppose -8*b + 3*b = 3*o - 41, -3*b = 5*o - 95. Suppose 2*l = 2*g + o, -l - l = 5*g + 20. Determine j(g).
1
Let o(n) = n - 3. Let z be o(6). Let g(p) = 3*p - 3. What is g(z)?
6
Let c(p) be the third derivative of p**6/120 + p**5/15 - p**4/8 + 2*p**3/3 + 19*p**2. Let k be (-51)/9 + (-2)/(-3). Give c(k).
-6
Let u(i) = i**2 + i + 1. Let d(m) = -6*m**2 - 4*m - 4. Let n(h) = -d(h) - 5*u(h). Calculate n(2).
1
Let p(w) = 2*w**3 + 6*w**2 + 2*w. Let x(m) = -5*m**3 - 13*m**2 - 4*m - 1. Let o(a) = 7*p(a) + 3*x(a). Let y be o(3). Let t(z) = 2*z - 1. Calculate t(y).
5
Let f = 57 - 52. Let b(z) = -z**2 + 1. Let a(p) = -p**3 + p**2 + 8. Let u(k) = a(k) - 4*b(k). Give u(f).
4
Let i(f) = 6*f - 2. Let v(n) = 7*n - 2. Let z(c) = 6*i(c) - 5*v(c). Let m be z(5). Let o(a) = -m*a - 1 - 1 + 0*a + 1. Determine o(1).
-4
Let o(h) = 5 - 7 + 8*h + h**3 + 7*h**2 + 3. Determine o(-6).
-11
Let y = -21 + 24. Suppose 8 = y*x - x. Let z(g) = g - 1. What is z(x)?
3
Let r(z) be the third derivative of 0*z**3 - 1/120*z**5 - 2*z**2 + 1/8*z**4 + 0*z + 0 + 1/720*z**6. Let y(v) be the second derivative of r(v). Give y(5).
4
Let t(n) be the third derivative of -1/120*n**6 + 0*n + 0*n**3 + 4*n**2 + 1/15*n**5 + 0 - 1/8*n**4. Let f be 13/4 - 2/8. What is t(f)?
0
Let r(n) = 2*n**2. Suppose j = -3*j + 48. Suppose 3*a + a + c + j = 0, 3*c = -3*a - 18. Let l = a + 0. Calculate r(l).
8
Let l(q) = -3 + 6*q**2 + 4 + 0*q**3 - 2*q - 5*q**2 + q**3. Give l(-2).
1
Let g(x) = x + 1. Let j be 2 - (-1 - -2) - -2. Suppose -j*l = l + 8. Determine g(l).
-1
Let h(i) = 2*i**2 - 5*i - 2. Let n(d) = -3*d**2 + 5*d + 3. Let s(a) = -4*h(a) - 3*n(a). What is s(-5)?
-1
Suppose 22 = -6*u - 32. Let a(q) = -q - 10. Calculate a(u).
-1
Let f = -25/2 - -13. Let h(t) be the second derivative of -f*t**2 + t - 1/6*t**3 + 1/6*t**4 + 0. What is h(2)?
5
Let m(c) = c + 2. Let f be m(0). Let s(n) = -n**2 + 3*n + 2. What is s(f)?
4
Let l(s) be the first derivative of -s**4/24 + 5*s**3/6 + s**2 - 4. Let b(d) be the second derivative of l(d). Let k be 1*(-1 + (7 - 2)). Determine b(k).
1
Let t be (12/(-8))/((-3)/6). Let d be -6 + 3 + 4 + t. Let z(l) = 0 - 1 - d*l - 3*l - l**2 - 1. Determine z(-3).
10
Suppose 24 = 3*u - 0*u. Let q = u + -3. Suppose -l + 0 = -q. Let n(d) = -d - 2. Determine n(l).
-7
Let m(c) = -c**3 + 5*c**2 + 5*c + 7. Suppose 0 = 5*q + v + 10 - 53, -v - 13 = -2*q. Let z(y) = -y**2 + 8*y + 6. Let r be z(q). Determine m(r).
1
Suppose 4*s - 12 = -0*s. Suppose -s*z = -4*z + 2. Let u(r) = 0*r**2 - 1 + 5*r + 1 - z*r**2 - r**3 + 2. Calcul